{"version":"1.0","provider_name":"REGISTRE DU COMMERCE ET DU CREDIT MOBILIER","provider_url":"http:\/\/rccm.tg","author_name":"vbro","author_url":"http:\/\/rccm.tg\/index.php\/author\/vbro\/","title":"La justice au service des op\u00e9rateurs \u00e9conomiques - REGISTRE DU COMMERCE ET DU CREDIT MOBILIER","type":"rich","width":600,"height":338,"html":"<blockquote class=\"wp-embedded-content\" data-secret=\"uVwexxXnQD\"><a href=\"http:\/\/rccm.tg\/index.php\/2024\/06\/09\/la-justice-au-service-des-operateurs-economiques\/\">La justice au service des op\u00e9rateurs \u00e9conomiques<\/a><\/blockquote><iframe sandbox=\"allow-scripts\" security=\"restricted\" src=\"http:\/\/rccm.tg\/index.php\/2024\/06\/09\/la-justice-au-service-des-operateurs-economiques\/embed\/#?secret=uVwexxXnQD\" width=\"600\" height=\"338\" title=\"\u00ab\u00a0La justice au service des op\u00e9rateurs \u00e9conomiques\u00a0\u00bb &#8212; REGISTRE DU COMMERCE ET DU CREDIT MOBILIER\" data-secret=\"uVwexxXnQD\" frameborder=\"0\" marginwidth=\"0\" marginheight=\"0\" scrolling=\"no\" class=\"wp-embedded-content\"><\/iframe><script>\n\/*! This file is auto-generated *\/\n!function(d,l){\"use strict\";l.querySelector&&d.addEventListener&&\"undefined\"!=typeof URL&&(d.wp=d.wp||{},d.wp.receiveEmbedMessage||(d.wp.receiveEmbedMessage=function(e){var t=e.data;if((t||t.secret||t.message||t.value)&&!\/[^a-zA-Z0-9]\/.test(t.secret)){for(var s,r,n,a=l.querySelectorAll('iframe[data-secret=\"'+t.secret+'\"]'),o=l.querySelectorAll('blockquote[data-secret=\"'+t.secret+'\"]'),c=new RegExp(\"^https?:$\",\"i\"),i=0;i<o.length;i++)o[i].style.display=\"none\";for(i=0;i<a.length;i++)s=a[i],e.source===s.contentWindow&&(s.removeAttribute(\"style\"),\"height\"===t.message?(1e3<(r=parseInt(t.value,10))?r=1e3:~~r<200&&(r=200),s.height=r):\"link\"===t.message&&(r=new URL(s.getAttribute(\"src\")),n=new URL(t.value),c.test(n.protocol))&&n.host===r.host&&l.activeElement===s&&(d.top.location.href=t.value))}},d.addEventListener(\"message\",d.wp.receiveEmbedMessage,!1),l.addEventListener(\"DOMContentLoaded\",function(){for(var e,t,s=l.querySelectorAll(\"iframe.wp-embedded-content\"),r=0;r<s.length;r++)(t=(e=s[r]).getAttribute(\"data-secret\"))||(t=Math.random().toString(36).substring(2,12),e.src+=\"#?secret=\"+t,e.setAttribute(\"data-secret\",t)),e.contentWindow.postMessage({message:\"ready\",secret:t},\"*\")},!1)))}(window,document);\n\/\/# sourceURL=http:\/\/rccm.tg\/wp-includes\/js\/wp-embed.min.js\n<\/script>\n","thumbnail_url":"http:\/\/rccm.tg\/wp-content\/uploads\/2024\/06\/MAILLET.jpg","thumbnail_width":600,"thumbnail_height":400,"description":"La justice au service des op\u00e9rateurs \u00e9conomiques La justice se met au pas des r\u00e9formes en cours pour contribuer le mieux possible aux aspirations des op\u00e9rateurs \u00e9conomiques. Dans ce sens, des actions ont \u00e9t\u00e9 men\u00e9es dans le cadre du projet de renforcement des capacit\u00e9s des chambres commerciales lanc\u00e9 en 2016. Dans cette dynamique, il a [&hellip;]"}

La justice au service des opérateurs économiques - REGISTRE DU COMMERCE ET DU CREDIT MOBILIER

<blockquote class="wp-embedded-content" data-secret="uVwexxXnQD"><a href="http://rccm.tg/index.php/2024/06/09/la-justice-au-service-des-operateurs-economiques/">La justice au service des opérateurs économiques</a></blockquote><iframe sandbox="allow-scripts" security="restricted" src="http://rccm.tg/index.php/2024/06/09/la-justice-au-service-des-operateurs-economiques/embed/#?secret=uVwexxXnQD" width="600" height="338" title="« La justice au service des opérateurs économiques » &#8212; REGISTRE DU COMMERCE ET DU CREDIT MOBILIER" data-secret="uVwexxXnQD" frameborder="0" marginwidth="0" marginheight="0" scrolling="no" class="wp-embedded-content"></iframe><script>
/*! This file is auto-generated */
!function(d,l){"use strict";l.querySelector&&d.addEventListener&&"undefined"!=typeof URL&&(d.wp=d.wp||{},d.wp.receiveEmbedMessage||(d.wp.receiveEmbedMessage=function(e){var t=e.data;if((t||t.secret||t.message||t.value)&&!/[^a-zA-Z0-9]/.test(t.secret)){for(var s,r,n,a=l.querySelectorAll('iframe[data-secret="'+t.secret+'"]'),o=l.querySelectorAll('blockquote[data-secret="'+t.secret+'"]'),c=new RegExp("^https?:$","i"),i=0;i<o.length;i++)o[i].style.display="none";for(i=0;i<a.length;i++)s=a[i],e.source===s.contentWindow&&(s.removeAttribute("style"),"height"===t.message?(1e3<(r=parseInt(t.value,10))?r=1e3:~~r<200&&(r=200),s.height=r):"link"===t.message&&(r=new URL(s.getAttribute("src")),n=new URL(t.value),c.test(n.protocol))&&n.host===r.host&&l.activeElement===s&&(d.top.location.href=t.value))}},d.addEventListener("message",d.wp.receiveEmbedMessage,!1),l.addEventListener("DOMContentLoaded",function(){for(var e,t,s=l.querySelectorAll("iframe.wp-embedded-content"),r=0;r<s.length;r++)(t=(e=s[r]).getAttribute("data-secret"))||(t=Math.random().toString(36).substring(2,12),e.src+="#?secret="+t,e.setAttribute("data-secret",t)),e.contentWindow.postMessage({message:"ready",secret:t},"*")},!1)))}(window,document);
//# sourceURL=http://rccm.tg/wp-includes/js/wp-embed.min.js
</script>

La justice au service des opérateurs économiques La justice se met au pas des réformes en cours pour contribuer le mieux possible aux aspirations des opérateurs économiques. Dans ce sens, des actions ont été menées dans le cadre du projet de renforcement des capacités des chambres commerciales lancé en 2016. Dans cette dynamique, il a [&hellip;]
